{"id":95,"date":"2024-04-26T11:18:25","date_gmt":"2024-04-26T11:18:25","guid":{"rendered":"https:\/\/prof.uoradea.ro\/ioanapopcohut\/?page_id=95"},"modified":"2024-09-23T09:28:44","modified_gmt":"2024-09-23T09:28:44","slug":"education","status":"publish","type":"page","link":"https:\/\/prof.uoradea.ro\/ioanapopcohut\/education\/","title":{"rendered":"Education"},"content":{"rendered":"\n<figure class=\"wp-block-table is-style-stripes\"><table><tbody><tr><td><strong>Year<\/strong><\/td><td><strong>Faculty\/department &#8211; University\/institution &#8211; Country<\/strong><\/td><\/tr><tr><td>2005<\/td><td>Master in <em>Educational Management<\/em> Department of Instruction and Training Teaching Staff, University of Oradea, Oradea, Romania<\/td><\/tr><tr><td>2003<br>(dissertation defended)<\/td><td>PhD in <em>Economics<\/em> Faculty of Economics, Department of Economy, University &#8222;Babes-Bolyai&#8221;, Cluj-Napoca, Romania Dissertation:<em> &#8222;Inflation In the second half of the century XX&#8221;<\/em><\/td><\/tr><tr><td>1997<\/td><td>Bachelor&#8217;s degree in <em>Tourism and commercial management specialization<\/em>, Faculty of Tourism and Commercial Management, &#8222;Dimitrie Cantemir&#8221; Independent University, Cluj-Napoca, Bachelor in Economics at the Faculty of Economic Sciences, &#8222;Babe\u015f-Boliay&#8221; University, Cluj-Napoca;<\/td><\/tr><tr><td>1992<\/td><td>Baccalaureate, High school diploma, real profile, &#8222;Petru Maior&#8221; Theoretical High School, Gherla, Cluj county<\/td><\/tr><\/tbody><\/table><\/figure>\n\n\n\n<p><strong>Advanced courses\/Trainings<\/strong><\/p>\n\n\n\n<ul><li> <strong><em>eLearning Course for Digital Skills for ICT Entrepreneurs in FCV Countries<\/em><\/strong>, organized by Open learning Campus, Word Bank Group, through the EdX Platform: <a rel=\"noreferrer noopener\" href=\"https:\/\/courses.edx.org\/certificates\/dd5ce257c64d43a98d39cdd0be3a4b4d\" target=\"_blank\">https:\/\/courses.edx.org\/certificates\/dd5ce257c64d43a98d39cdd0be3a4b4d<\/a>, February 2024;<\/li><li><strong><em>Manager of Innovation<\/em><\/strong>, Specialization course (40 hours), Corporactive Consulting SRL,  Certificate of graduation, <strong>2023<\/strong>;<\/li><li><strong><em>Design Thinking for Leading and Learning<\/em><\/strong>, organized by MIT University, MITx: 11.155x, through the EdX Platform: <a rel=\"noreferrer noopener\" href=\"https:\/\/learning.edx.org\/course\/course-v1:MITx+11.155x+1T2019\/home\" target=\"_blank\">https:\/\/learning.edx.org\/course\/course-v1:MITx+11.155x+1T2019\/home<\/a>; April <strong>2023<\/strong>;<\/li><li><strong><em>Technology Entrepreneurship and Small Business Creation<\/em><\/strong>, organized by Stanford University, StanfordOnline SOE-Y0007, through the EdX Platform: <a rel=\"noreferrer noopener\" href=\"https:\/\/learning.edx.org\/course\/course-v1:StanfordOnline+SOE-Y0007+2T2022\/home\" target=\"_blank\">https:\/\/learning.edx.org\/course\/course-v1:StanfordOnline+SOE-Y0007+2T2022\/home<\/a>; July <strong>2023<\/strong>;<\/li><li><strong><em>Policy Lessons from South Korea&#8217;s Development<\/em><\/strong>, organized by the Word Bank, The World Bank KEE01x, through the EdX Platform: <a rel=\"noreferrer noopener\" href=\"https:\/\/learning.edx.org\/course\/course-v1:WBGx+KEE01x+3T2016\/home\" target=\"_blank\">https:\/\/learning.edx.org\/course\/course-v1:WBGx+KEE01x+3T2016\/home<\/a>; August <strong>2023<\/strong>;<\/li><li><strong><em>Teaching With Technology and Inquiry<\/em><\/strong>: An Open Course For Teachers, organized by the University of Toronto, University_of_TorontoX INQ101x, through the EdX Platform: <a rel=\"noreferrer noopener\" href=\"https:\/\/learning.edx.org\/course\/course-v1:University_of_TorontoX+INQ101x+3T2016\/home\" target=\"_blank\">https:\/\/learning.edx.org\/course\/course-v1:University_of_TorontoX+INQ101x+3T2016\/home<\/a> ; February <strong>2023<\/strong>;<\/li><li><strong><em>Digital Transformation Strategy<\/em><\/strong>, organized by Boston University, through the EdX Platform: <a rel=\"noreferrer noopener\" href=\"https:\/\/www.edx.org\/course\/digital-transformation-strategy?index=product&amp;queryID=ec3b916944e89eb8675d725c765c12d9&amp;position=1\" target=\"_blank\">https:\/\/www.edx.org\/course\/digital-transformation-strategy?index=product&amp;queryID=ec3b916944e89eb8675d725c765c12d9&amp;position=1<\/a>, September \u2013 October<strong> 2022<\/strong>;<\/li><li><strong><em>Creativity &amp; Entrepreneurship<\/em><\/strong>, organized by BerkleeX OENTR-391x, Berklee&#8217;s Institute for Creative Entrepreneurship, through the EdX Platform: <a rel=\"noreferrer noopener\" href=\"https:\/\/www.edx.org\/course\/creativity-entrepreneurship?index=product&amp;queryID=ee60c511e3cdc9c43d44a43dfd9489a9&amp;position=1\" target=\"_blank\">https:\/\/www.edx.org\/course\/creativity-entrepreneurship?index=product&amp;queryID=ee60c511e3cdc9c43d44a43dfd9489a9&amp;position=1<\/a>, September <strong>2022;<\/strong><\/li><li><strong><em>Data Ethics, AI and Responsible Innovation<\/em><\/strong>, organized by EdinburghX &#8211; DEI01x, The University of Edinburgh, through the EdX Platform <a rel=\"noreferrer noopener\" href=\"https:\/\/www.edx.org\/course\/Data-Ethics-AI-and-Responsible-Innovation?index= product&amp;queryID=680d759930450798ed41fcef5d0ddd60&amp;position=1\" target=\"_blank\">https:\/\/www.edx.org\/course\/Data-Ethics-AI-and-Responsible-Innovation?index= product&amp;queryID=680d759930450798ed41fcef5d0ddd60&amp;position=1<\/a>, April <strong>2022<\/strong>;<\/li><li><strong><em>Instructional Design: Digital Media, New Tools and Technology<\/em><\/strong>, organized by the University of Maryland Global Campus (UMGC) and the University System of Maryland (USMx) USA, through the EdX Platform <a rel=\"noreferrer noopener\" href=\"https:\/\/www.edx.org\/course\/instructional- design-digital-media-new-tools-and-2?index=product&amp;queryID=da3cf89210eb4ea1fbca2cfe532ad570&amp;position=1\" target=\"_blank\">https:\/\/www.edx.org\/course\/instructional- design-digital-media-new-tools-and-2?index=product&amp;queryID=da3cf89210eb4ea1fbca2cfe532ad570&amp;position=1<\/a> (8 weeks, 80 hours), January \u2013 March <strong>2022<\/strong>.<\/li><li><strong><em>Discovering Corporate Social Responsibility (CSR)<\/em><\/strong>, organized by LouvainX &#8211; Louv12.1x_E, through the EdX Platform, April <strong>2022<\/strong>;<\/li><li>Participation in the <strong><em>EcoSim EDU workshop <\/em><\/strong>&#8211; entrepreneurial simulator: https:\/\/edu-v2.ecosim.hu\/, organized by EcoSim \u00dczleti Szimul\u00e1ziok Kft. Budapest, Hungary www.ecosim.hu (Certificate of participation), March <strong>2022<\/strong>.<\/li><li>&#8222;<strong><em>E-commerce logistics and Last Mile<\/em><\/strong>&#8221; course, a course of study offered by logycaX, an online learning initiative of logyca, through edX. 4 weeks (Oct.<strong>2021<\/strong>), Graduation certificate. Verify the authenticity of this certificate at: <a rel=\"noreferrer noopener\" href=\"https:\/\/courses.edx.org\/certificates\/845b3bf1946645f4be00d17e41e0b248\" target=\"_blank\">https:\/\/courses.edx.org\/certificates\/845b3bf1946645f4be00d17e41e0b248<\/a>;<\/li><li><strong><em>Social innovation manager<\/em><\/strong>, training course within the &#8222;Future Entrepreneur&#8221; project, SMIS code: POCU\/379\/6\/21\/125160, October &#8211; December <strong>2020<\/strong>;<\/li><li>Course &#8222;<strong><em>CircularX: Circular Economy &#8211; an Introduction<\/em><\/strong>&#8222;, a course of study offered by DelftX, an online learning initiative of Faculty of Industrial Design Engineering, Delft University of Technology, Holland, through edX. 6 weeks (Nov. 2015 \u2013 Dec. <strong>2015<\/strong>), Certificate of Completion. Verify the authenticity of this certificate at: <a rel=\"noreferrer noopener\" href=\"https:\/\/courses.edx.org\/certificates\/572aea72daf249a293b9c14bcce1d37a\" target=\"_blank\">https:\/\/courses.edx.org\/certificates\/572aea72daf249a293b9c14bcce1d37a<\/a><\/li><li>Course &#8222;<strong><em>Behavioural Economics in Action&#8221;<\/em><\/strong>, course of study offered by University of TorontoX, an online learning initiative of Rotman School of Management, University of Toronto, Canada, through edX. . 6 weeks (Dec. 2015 \u2013 Feb. <strong>2016<\/strong>), Graduation certificate. Verify the authenticity of this certificate at: <a rel=\"noreferrer noopener\" href=\"https:\/\/courses.edx.org\/certificates\/2bce25361a6149b3bdd9f4661e797f03\" target=\"_blank\">https:\/\/courses.edx.org\/certificates\/2bce25361a6149b3bdd9f4661e797f03<\/a>;<\/li><li>Course &#8222;<strong><em>Introduction to Global Hospitality Management<\/em><\/strong>&#8222;, course of study offered by CornellX, an online learning initiative of Cornell University, USA, through edX. 6 weeks (Feb. \u2013 Mar. 2015), Certificate of Completion. Verify the authenticity of this certificate at <a rel=\"noreferrer noopener\" href=\"https:\/\/verify.edx.org\/cert\/8d80556292f94474a251f8037322f534\" target=\"_blank\">https:\/\/verify.edx.org\/cert\/8d80556292f94474a251f8037322f534<\/a>;<\/li><li>&#8222;<strong><em>Design and Development of Educational Technology<\/em><\/strong>&#8221; course, MITx, an online learning initiative of The Massachusetts Institute of Technology, USA, 6 weeks (Oct. &#8211; Nov. 2014), Graduation certificate, Verify the authenticity of this certificate at: <a rel=\"noreferrer noopener\" href=\"https:\/\/verify.edx.org\/cert\/8bcbb503d73946929cbbc4b859856f2b\" target=\"_blank\">https:\/\/verify.edx.org\/cert\/8bcbb503d73946929cbbc4b859856f2b<\/a>;<\/li><li><strong><em>Training and Networking Projects within EU Youth in Actio<\/em><\/strong>n, Seminar on Rural youth migrations and employment, 21 \u2013 24 May <strong>2013<\/strong>, Solsona, Spain;<\/li><li>Training module: &#8222;<strong><em>Promoters and Facilitators of the EU Strategy for the Danube Region (SUERD)<\/em><\/strong>&#8222;, organized by the Honorary International Chair in support of the EU Strategy for the Danube Region in partnership with the Romanian Academy, Oradea, Graduation Certificate, May <strong>2013<\/strong>;<\/li><li>Training <strong><em>BOIT \u2013 Bourn Intervention Training for Managers and Team Leaders<\/em><\/strong>, SOCRATES project, University of Oradea, certificate, <strong>2011<\/strong>;<\/li><li><strong><em>Editorial training within the project<\/em><\/strong> &#8222;PhD in schools of excellence &#8211; evaluation of the quality of research in universities and increasing visibility through scientific publication&#8221; Technical University of Cluj, April 16, <strong>2010<\/strong>;<\/li><li>Postgraduate course \u2013 <strong><em>University Management <\/em><\/strong>\u2013 Academy of Economic Studies, Bucharest, 2008-2009, Certificate no. 3754\/3.12.<strong>2009<\/strong>;<\/li><li>Advanced training course &#8222;<strong><em>Project Management for Cross-border Cooperation and Structural Funds<\/em><\/strong>&#8222;, organized by AGER &#8211; Bihor branch, within the project: &#8222;Cooperation of economists for the development of the Bihor &#8211; Hajdu &#8211; Bihar Euroregion&#8221;, Phare CBC Project 2006, priority 2, measure 2.3, Contract: RO- 2006\/018-446.01.01 \u2013 63-2.3, Beneficiary: General Association of Economists from Romania \u2013 Bihor branch, Partners: Bihor County Council, \u00c9SZAK-ALF\u00d6LDI REGION\u00c1LIS FEJLESZT\u00c9SI \u00dcGYN\u00d6KS\u00c9G KHT. (North Great Plain Regional Development Agency \u2013 NGP &#8211; RDA) Hungary; April 24-25, <strong>2009<\/strong>;<\/li><li>Summer School on the theme: <strong><em>Management of the tourist destination<\/em><\/strong>, organized by the Bihor County Council and the University of Oradea, Faculty of Economic Sciences, in collaboration with the University of St. Gallen, Switzerland and S.C. Turism Felix S.A.; <strong>2007<\/strong>;<\/li><li>&#8222;<strong><em>eXpert &#8211; European computer passport<\/em><\/strong>&#8221; training course, Basics of EPD, Basics of word processing, Internet Basics, &#8211; eXpert certificate, <strong>2006<\/strong>;<\/li><li>Training course &#8222;<strong><em>Management of research projects<\/em><\/strong>&#8222;, organized within the CEEX &#8211; MII program, Contract 6064, Ministry of Education and Research, National School of Political and Administrative Studies &#8211; graduation certificate, <strong>2006<\/strong>;<\/li><li>Advanced course within the ROMANIAN-EUROPEAN eUNIVERSITY &#8211; RE2U project, organized by Friedrich-Alexander-Universitat Erlangen \u2013 Nurnberg within the &#8222;RE2U&#8221; project: Methodology of tutorial support in open learning system, Contents and elements of a tutorial support system, Organization of a tutorial support system, Basics of self-organized learning and application in tutorial support system, Basics of electronic communication, <strong>2004<\/strong>; project financed by the SOCRATES &#8211; MINERVA program, 100693-CP-01-2002-1-RO-MINERVA-M, 2002-2004, organized by the University of West Timisoara, completed with graduation certificates, 2004;<\/li><li>Course: &#8222;<strong><em>Business world<\/em><\/strong>&#8222;, held within the Economic and Entrepreneurial Education program of the Ministry of Education, Research and Youth (cf. protocol no. 10184\/14.05.2003), October 16-18, 2003, Predeal, completed with graduation diploma ,<strong> 2003<\/strong>;<\/li><li>Course: &#8222;<strong><em>Communication techniques. Practical applications for distance education<\/em><\/strong>&#8222;, December 7-8, 2002 at the School Inspectorate of Bihor County, completed with graduation diploma,<strong> 2002<\/strong>;<\/li><li>Course: &#8222;<strong><em>The Political Economy of an Eastern Enlargement of the EU<\/em><\/strong>&#8222;, CEU Summer University, Budapest, Hungary, July 10-July 21, 2000, Course Director Prof. Alf Vanags, Euro Faculty Economics, University of Latvia, completed with diploma of graduation, <strong>2000<\/strong>.<\/li><\/ul>\n","protected":false},"excerpt":{"rendered":"<p>Year Faculty\/department &#8211; University\/institution &#8211; Country 2005 Master in Educational Management Department of Instruction and Training Teaching Staff, University of Oradea, Oradea, Romania 2003(dissertation defended) PhD in Economics Faculty of Economics, Department of Economy, University &#8222;Babes-Bolyai&#8221;, Cluj-Napoca, Romania Dissertation: &#8222;Inflation In the second half of the century XX&#8221; 1997 Bachelor&#8217;s degree in Tourism and commercial [&hellip;]<\/p>\n","protected":false},"author":62,"featured_media":0,"parent":0,"menu_order":0,"comment_status":"closed","ping_status":"closed","template":"","meta":[],"_links":{"self":[{"href":"https:\/\/prof.uoradea.ro\/ioanapopcohut\/wp-json\/wp\/v2\/pages\/95"}],"collection":[{"href":"https:\/\/prof.uoradea.ro\/ioanapopcohut\/wp-json\/wp\/v2\/pages"}],"about":[{"href":"https:\/\/prof.uoradea.ro\/ioanapopcohut\/wp-json\/wp\/v2\/types\/page"}],"author":[{"embeddable":true,"href":"https:\/\/prof.uoradea.ro\/ioanapopcohut\/wp-json\/wp\/v2\/users\/62"}],"replies":[{"embeddable":true,"href":"https:\/\/prof.uoradea.ro\/ioanapopcohut\/wp-json\/wp\/v2\/comments?post=95"}],"version-history":[{"count":10,"href":"https:\/\/prof.uoradea.ro\/ioanapopcohut\/wp-json\/wp\/v2\/pages\/95\/revisions"}],"predecessor-version":[{"id":112,"href":"https:\/\/prof.uoradea.ro\/ioanapopcohut\/wp-json\/wp\/v2\/pages\/95\/revisions\/112"}],"wp:attachment":[{"href":"https:\/\/prof.uoradea.ro\/ioanapopcohut\/wp-json\/wp\/v2\/media?parent=95"}],"curies":[{"name":"wp","href":"https:\/\/api.w.org\/{rel}","templated":true}]}}